 Calculate the remainder when k(s) is divided by 12.
5
Let l = 376 - 356. Calculate the remainder when 217 is divided by l.
17
Let p(u) = -5 - 10*u - 15 - u**3 + 25*u**2 - 16 + 2*u**3. Calculate the remainder when p(-25) is divided by 55.
49
Suppose -1440 = -14*m + 2*m. Let w = m - 105. Calculate the remainder when 178 is divided by w.
13
Let u = 2358 - 1458. Suppose -5*d = -9*d + u. Calculate the remainder when d is divided by 23.
18
Let a = -15494 + 15565. Calculate the remainder when 772 is divided by a.
62
What is the remainder when 393 is divided by ((-5904)/(-12))/6 - -2?
57
Let a(t) = 30*t + 723. Calculate the remainder when 329 is divided by a(-24).
2
Let h be (-3542)/(-437) + (-2)/19. Calculate the remainder when 49 is divided by (h/(-20))/((-4)/170).
15
Suppose 43 = 2*u - 6*z + 7*z, -5*z = 25. Suppose 0 = -6*b + 126 + u. What is the remainder when b is divided by (45/6)/((-2)/(-4))?
10
Let j = -10336 - -10346. Calculate the remainder when 3028 is divided by j.
8
Let y = 262616 + -262562. Suppose x = -3*n + 9, -n = -3*x + 16 + 21. What is the remainder when y is divided by x?
6
What is the remainder when 329 is divided by 46 + (9 + 63)/(-8)?
33
Let h(g) = 28*g - 3. Calculate the remainder when h(3) is divided by 1/(6/(-378)*-9).
4
Let j(m) = 11 + 2*m**2 + 50 - 35 + 84*m. What is the remainder when j(-42) is divided by 17?
9
Let t = 8757 + -8740. Calculate the remainder when 525 is divided by t.
15
Suppose -4*w + 516 = -2*w. Let o = 3623 - 3586. Calculate the remainder when w is divided by o.
36
Suppose 7*d - 32*d + 25 = 0. Calculate the remainder when 88 is divided by 3/d + (26 - (1 + -2)).
28
Let x(c) = -11*c - c**3 + 82 - 10*c + 26*c - c**2 + 2*c**3 - 11*c. What is the remainder when x(0) is divided by 28?
26
Suppose 3*y - 5*s - 10 = 0, s + 3 = 5*y - 21. Suppose -8944 = -310*q + 102*q. What is the remainder when q is divided by y?
3
Let s = -621 - -483. Let q = s - -223. What is the remainder when 675 is divided by q?
80
Let b(a) be the first derivative of -23*a**2 + 10*a + 686. Suppose 0*k - k - 2 = 0. Calculate the remainder when b(k) is divided by 18.
12
Let b(q) = 100*q**2 + 31*q + 95. Calculate the remainder when b(-5) is divided by 348.
4
What is the remainder when ((1/(-9))/(-1))/(707/9423603) is divided by 78?
77
Let l = -1034 - -1799. What is the remainder when -2*1/(-15) - (-132243)/l is divided by 35?
33
Let n(p) = p**3 + 14*p**2 - 36*p - 59. Let c be n(-16). Calculate the remainder when 22*(1 - (-38)/4 - c) is divided by 22.
11
Let s(g) = -822*g + 301. Calculate the remainder when s(-1) is divided by 15.
13
Let w = -3619 - -3811. What is the remainder when w is divided by 45?
12
Let d(x) = -409*x + 727. What is the remainder when d(0) is divided by 196?
139
Let s(t) = 11*t + 17. Let k be s(-6). Let c = k + 114. Calculate the remainder when c is divided by 23.
19
Let i(d) = -15*d - 12. Let b be i(-1). Suppose 13*o = -b*o + 2784. What is the remainder when o is divided by 35?
34
Let u = -206 + 400. Suppose 2*b - 3*q = -2*q + u, 2*b = 5*q + 178. What is the remainder when b is divided by 27?
18
Let w(j) = 25*j**2 + 18*j - 5. Let t(z) = -51*z**2 - 33*z + 9. Let d(u) = -6*t(u) - 11*w(u). Calculate the remainder when 216 is divided by d(-1).
24
Let h(v) = -2*v**2 + v + 2. Let q(c) = 9*c**2 + 12*c - 22. Let l(a) = -4*h(a) - q(a). What is the remainder when l(-8) is divided by 19?
2
Let q = 8971 - 8895. Calculate the remainder when 93 is divided by q.
17
Let q = 611 - 509. Suppose -2*w - m = -18, w - 20 = -w - 2*m. Calculate the remainder when q is divided by w.
6
Suppose 5*y + 9*w = 71, 8*w + 51 = 3*y + 5*w. Suppose 25 = 2*q + 3*q. Calculate the remainder when y is divided by q.
1
Suppose 0 = 3*u + o - 55, -5*o - 6 = 4. Suppose -18*h + u*h = 36. What is the remainder when h is divided by 13?
10
Suppose 300*r + 294 = 301*r. Let m = r + -280. What is the remainder when 18 is divided by m?
4
Suppose 86 = h + 2*n - 3, 4*h + 3*n = 336. What is the remainder when h is divided by (-100)/(-4) - -3 - -3?
19
Suppose 2*d = -0*d + 46. What is the remainder when 61/((-793)/2964)*(-4)/8 is divided by d?
22
Let j(z) = 18*z + 0*z**2 + 72 + 3*z**2 - z**3 - 108. What is the remainder when 6 is divided by j(5)?
2
Suppose 2243 = -26*z + 29*z + 11*p, 0 = 5*z - 2*p - 3657. Calculate the remainder when z is divided by 35.
33
Suppose -2*v + 8 + 2 = 0. Suppose -3*l + 2*l + 4*j + 63 = 0, v*j + 307 = 4*l. Let i(d) = 8*d**2 - 3*d + 2. What is the remainder when l is divided by i(2)?
27
Let w(z) = 4*z**2 + 4*z + 3. Calculate the remainder when w(3) is divided by 8.
3
Let m(j) = 1936*j - 11611. Let z = 4 - 2. Let o(h) = 10*h**2 - 2*h + 2. Calculate the remainder when o(z) is divided by m(6).
3
Suppose -c + 17 - 19 = 0. What is the remainder when -6*2/c - -23 is divided by (-2)/((-2)/2)*5?
9
Let c = -4694 + 5153. What is the remainder when c is divided by 68?
51
Let m be ((-12)/(-8))/(6/8). Let a be ((-68)/119)/(2 - (-15)/(-7)). Suppose 3*k - 58 = -h, -80 = -m*h - k + a*k. What is the remainder when 180 is divided by h?
42
Let k = 1204 - 604. Let b = -565 + k. What is the remainder when 154 is divided by b?
14
Suppose p - 272 = 3*y, -y + 978 = 3*p + 162. Suppose 6*j = 11 + 115. What is the remainder when p is divided by j?
20
Suppose 15*y - 12*y + 36 = 0. Let b(j) = 2*j**2 + 14*j + 12. Calculate the remainder when b(y) is divided by 15.
12
Let t = 608 - 611. What is the remainder when (102/18 + t)/((-4)/(-318)) is divided by 43?
40
Let k = -1399 - -1512. Calculate the remainder when 779 is divided by k.
101
What is the remainder when 3566 is divided by (156/(-65))/(3/(-3))*60/9?
14
Suppose -g - 329 = 2*g - l, 2*g = -2*l - 230. Let w = 267 + g. Calculate the remainder when w is divided by 16.
12
Let j be (45/30)/((-2)/(-4)). Suppose 4*y - 5*y + 4*o = -22, -j*y + 21 = 3*o. Let p(r) = -r**2 - 6*r - 5. What is the remainder when y is divided by p(-4)?
1
Let x be ((-1)/(-3) + (-8)/24)/1. Suppose x = -78*l + 82*l - 204. Calculate the remainder when l is divided by 27.
24
Suppose -7*r - 3756 = -599. Let p = r - -602. What is the remainder when p is divided by 17?
15
Let n = 507 - 468. What is the remainder when 538 is divided by n?
31
Suppose -19*m + 2975 = -89*m + 8155. What is the remainder when 16501 is divided by m?
73
Suppose 456 - 4592 - 4414 = -45*s. Calculate the remainder when s is divided by 73.
44
Suppose -3*o = -8*o, 2*o + 384 = -4*s. Let t be 1/6 - 752/s. Calculate the remainder when 36 is divided by ((t - 3) + -26)/(-1).
15
Suppose -38*l - 12648 = -7*l. Let r = l - -437. What is the remainder when 86 is divided by r?
28
Suppose 0*o = 5*o - 140. Let m(q) = -6*q**3 + 986*q**2 + 658*q + 387. What is the remainder when m(165) is divided by o?
1
Suppose -4*r + 14*r + 80 = 0. What is the remainder when 299 is divided by r/(-2)*(-300)/(-40)?
29
Calculate the remainder when 11816346/1264 - (-3)/(-8) is divided by 17.
15
Let s be ((-9)/3 - -3) + 80. Suppose s + 0 = 5*z. Suppose -5*h - 4*r = -0*r - 218, 0 = 4*h - 5*r - 199. What is the remainder when h is divided by z?
14
Let i = 75 - 49. Suppose -34*r + 560 = -26*r. Calculate the remainder when r is divided by i.
18
What is the remainder when (2 - (-28)/(-13)) + 28/728*42956 is divided by 826?
0
What is the remainder when 566 is divided by 22/319 + (-37305)/(-261) - 1?
140
Suppose 0*g = 3*g - 216. Suppose 759*h - 7273 = 766*h. Let j = 1060 + h. Calculate the remainder when g is divided by j.
9
Let v = 177 + -124. Calculate the remainder when 5 + (v - 14/(-7)) is divided by 17.
9
Let j = -112 - -172. Let h be (2/(-5))/((3/j)/(-1)). What is the remainder when ((-376)/(-3))/h*3 is divided by 17?
13
Suppose 0 = -2*n - 2*n + 5*m + 5524, 0 = 4*n + 10*m - 5584. Calculate the remainder when n is divided by 4.
2
Let f = -3359 + 6341. What is the remainder when f is divided by 26?
18
Let o(d) be the second derivative of -d**4/12 - 2*d**3 - 11*d**2 + 24*d. Let k be (-8)/4 - 15/3. What is the remainder when o(k) is divided by 5?
3
Let u(d) = d**2 - 3*d - 169. What is the remainder when 29069 is divided by u(20)?
170
Let t = 83 - 6. Suppose -39 = -4*h + t. What is the remainder when h is divided by 6?
5
Suppose 0 = -2*v - 2*v + 3*u + 541, v = 4*u + 119. Let t = -73 + v. Let b = t + -58. Calculate the remainder when 22